8 divide 26438?
False
Is 165880 a multiple of 44?
True
Does 23 divide 152490?
True
Is 40 a factor of 759400?
True
Is 25 a factor of 179100?
True
Is 507 a factor of 338169?
True
Is 184023 a multiple of 21?
True
Does 62 divide 463326?
True
Is 16 a factor of 533488?
True
Is 16 a factor of 132553?
False
Is 47 a factor of 1845013?
False
Does 27 divide 931230?
True
Does 15 divide 1919427?
False
Is 149 a factor of 151980?
True
Does 17 divide 2901376?
False
Is 465 a factor of 19724105?
False
Does 41 divide 482082?
False
Is 38 a factor of 113303?
False
Does 472 divide 1475944?
True
Does 12 divide 32748?
True
Is 1092 a factor of 3072888?
True
Is 62975 a multiple of 337?
False
Is 687 a factor of 5554820?
False
Does 1324 divide 4127208?
False
Does 100 divide 1250300?
True
Is 1125228 a multiple of 39?
True
Does 136 divide 23813192?
True
Is 6 a factor of 761601?
False
Does 150 divide 246116?
False
Is 451167 a multiple of 101?
True
Is 85581 a multiple of 388?
False
Does 144 divide 5830416?
True
Is 15262656 a multiple of 11?
False
Does 22 divide 113498?
True
Is 2363 a factor of 18253411?
False
Is 3 a factor of 3132501?
True
Is 369193 a multiple of 19?
False
Is 208 a factor of 22181744?
True
Is 22100 a multiple of 50?
True
Is 110 a factor of 16640?
False
Is 5159234 a multiple of 9?
False
Is 1311871 a multiple of 499?
True
Is 3157931 a multiple of 199?
True
Is 36 a factor of 472282?
False
Is 461506 a multiple of 146?
True
Is 543 a factor of 801279?
False
Is 183 a factor of 156027?
False
Does 332 divide 8921836?
True
Is 29 a factor of 906511?
True
Does 38 divide 2122473?
False
Is 130 a factor of 1406600?
True
Does 44 divide 3344911?
False
Does 5 divide 1061465?
True
Is 997054 a multiple of 48?
False
Is 2365188 a multiple of 42?
True
Is 16 a factor of 1197235?
False
Is 14 a factor of 1914528?
True
Is 2 a factor of 56154?
True
Is 266532 a multiple of 12?
True
Is 16018 even?
True
Is 469 a factor of 693447?
False
Is 418327 a multiple of 91?
True
Is 425568 a multiple of 50?
False
Is 4276825 a multiple of 30?
False
Is 14 a factor of 42784?
True
Is 185170 a multiple of 24?
False
Does 27 divide 43794?
True
Does 46 divide 582038?
True
Is 597295 a multiple of 17?
True
Does 11 divide 1803710?
False
Does 170 divide 267884?
False
Does 1065 divide 17283885?
True
Is 526528 a multiple of 433?
True
Is 7 a factor of 24577?
True
Is 121877 a multiple of 15?
False
Is 308 a factor of 769384?
True
Does 41 divide 2965097?
False
Does 25 divide 260281?
False
Is 20 a factor of 4823760?
True
Does 23 divide 978903?
True
Is 17 a factor of 13913956?
True
Does 454 divide 834906?
True
Is 36 a factor of 147528?
True
Does 3 divide 174366?
True
Is 434408 a multiple of 26?
True
Is 3128439 a multiple of 463?
False
Is 139591 a multiple of 66?
False
Is 183 a factor of 1956079?
False
Is 2131080 a multiple of 43?
True
Does 12 divide 65766?
False
Does 13 divide 533022?
False
Is 133835 a multiple of 355?
True
Is 361860 a multiple of 5?
True
Is 2 a factor of 67652?
True
Is 67 a factor of 409599?
False
Is 1074801 a multiple of 12?
False
Is 753456 a multiple of 114?
False
Does 51 divide 1347012?
True
Is 19 a factor of 1520209?
True
Does 7 divide 58674?
True
Is 213 a factor of 3174339?
True
Is 48804 a multiple of 2?
True
Does 331 divide 2400626?
False
Is 458 a factor of 1515980?
True
Is 39 a factor of 5769465?
True
Does 938 divide 1184694?
True
Is 2 a factor of 32460?
True
Is 97595 a multiple of 69?
False
Is 306644 a multiple of 33?
False
Is 204268 a multiple of 458?
True
Does 32 divide 421461?
False
Does 872 divide 2448244?
False
Is 262 a factor of 82818?
False
Is 299584 a multiple of 302?
True
Is 2222720 a multiple of 1208?
True
Is 11 a factor of 1543239?
False
Is 489 a factor of 589734?
True
Is 10222395 a multiple of 15?
True
Is 253392 a multiple of 9?
False
Is 4583880 a multiple of 59?
False
Is 421428 a multiple of 174?
True
Is 110 a factor of 52708?
False
Is 137 a factor of 6270901?
True
Is 7 a factor of 2948?
False
Is 7539216 a multiple of 23?
True
Is 5 a factor of 2892928?
False
Is 150 a factor of 1165050?
True
Does 19 divide 10703484?
False
Is 5564416 a multiple of 19?
True
Does 71 divide 366314?
False
Is 10096 a multiple of 16?
True
Is 16 a factor of 3960?
False
Is 176 a factor of 826297?
False
Does 57 divide 1015761?
False
Does 32 divide 16032?
True
Is 204 a factor of 243304?
False
Does 21 divide 44958?
False
Does 101 divide 356833?
True
Does 11 divide 3642?
False
Does 22 divide 1435143?
False
Does 795 divide 2144090?
False
Does 14 divide 61390?
True
Is 36 a factor of 1387751?
False
Does 2026 divide 4773049?
False
Is 926163 a multiple of 427?
True
Is 243238 a multiple of 346?
True
Does 160 divide 597120?
True
Is 6260584 a multiple of 322?
False
Is 6262370 a multiple of 146?
False
Is 4 a factor of 65615?
False
Is 518700 a multiple of 525?
True
Is 21459 a multiple of 20?
False
Is 44 a factor of 262538?
False
Is 319 a factor of 61886?
True
Is 707550 a multiple of 9?
False
Is 3 a factor of 39031?
False
Is 35 a factor of 221970?
True
Does 631 divide 4453985?
False
Is 334543 a multiple of 79?
False
Is 197120 a multiple of 14?
True
Does 39 divide 109300?
False
Is 806589 a multiple of 63?
True
Is 565 a factor of 1047510?
True
Is 973644 a multiple of 7?
True
Is 612289 a multiple of 17?
True
Is 252417 a multiple of 33?
True
Is 10807735 a multiple of 7?
False
Is 51310 a multiple of 63?
False
Is 20709 a multiple of 20?
False
Is 338 a factor of 143988?
True
Does 742 divide 2987292?
True
Is 22 a factor of 4600800?
False
Does 4 divide 26444?
True
Does 185 divide 5857373?
False
Is 44 a factor of 1562768?
False
Is 32156904 a multiple of 25?
False
Does 29 divide 763019?
True
Is 1197865 a multiple of 989?
False
Does 114 divide 11186022?
True
Is 1817046 a multiple of 297?
True
Is 14 a factor of 184598?
False
Is 261482 a multiple of 10?
False
Is 25 a factor of 1300475?
True
Does 42 divide 265817?
False
Is 73 a factor of 100594?
True
Is 192316 a multiple of 4?
True
Does 190 divide 7291849?
False
Is 27 a factor of 210303?
True
Is 135 a factor of 1099739?
False
Is 458429 a multiple of 10?
False
Does 652 divide 1577188?
True
Is 522225 a multiple of 1791?
False
Is 239 a factor of 205062?
True
Is 6427367 a multiple of 1794?
False
Is 37 a factor of 69819?
True
Is 336349 a multiple of 7?
False
Is 193 a factor of 1364191?
False
Does 21 divide 2954070?
True
Is 44132 a multiple of 11?
True
Is 7299949 a multiple of 50?
False
Is 193 a factor of 1281310?
False
Is 955243 a multiple of 47?
False
Does 125 divide 22251193?
False
Does 49 divide 37898?
False
Is 48 a factor of 54661?
False
Is 240 a factor of 543361?
False
Is 491030 a multiple of 19?
False
Is 177 a factor of 2619883?
False
Is 97654 a multiple of 94?
False
Is 859166 a multiple of 77?
True
Is 7 a factor of 135541?
True
Is 1030620 a multiple of 20?
True
Does 257 divide 1689166?
False
Does 1363 divide 3019580?
False
Is 18 a factor of 23809980?
False
Is 60940 a multiple of 75?
False
Does 48 divide 359424?
True
Does 13 divide 5597903?
False
Does 3 divide 6227820?
True
Does 14 divide 2141580?
True
Does 50 divide 57330?
False
Is 3865452 a multiple of 10?
False
Does 545 divide 600413?
False
Is 19426223 a multiple of 139?
True
Does 6 divide 658704?
True
Is 41 a factor of 139646?
True
Is 256624 a multiple of 16?
True
Is 63 a factor of 3744090?
True
Does 195 divide 3520725?
True
Is 305 a factor of 148535?
True
Is 1915063 a multiple of 737?
False
Does 6 divide 333620?
False
Does 241 divide 33994255?
True
Is 156084 a multiple of 68?
False
Does 41 divide 417788?
False
Does 19 divide 2148687?
False
Is 48282 a multiple of 13?
True
Is 244839 a multiple of 368?
False
Does 241 divide 29042809?
False
Is 10 a factor of 610200?
True
Does 9 divide 408546?
True
Is 60016 a multiple of 19?
False
Is 119 a factor of 90916?
True
Is 84 a factor of 71655?
False
Is 163311 a multiple of 176?
False
Does 362 divide 888059?
False
Is 4216068 a multiple of 6?
True
Does 8 divide 81656?
True
Is 24 a factor of 63312?
True
Does 594 divide 3321505?
False
Is 3 a factor of 422375?
False
Does 39 divide 100971?
True
Is 4843556 a multiple of 474?
False
Does 17 divide 18478463?
False
Is 272778 a multiple of 389?
False
Does 30 divide 57042?
False
Does 722 divide 804308?
True
Is 9 a factor of 284597?
False
Is 106 a facto